9*g - 1. Let m be (68/(-3))/(6/(-9)). Let r be 4/m + 302/34. Give a(r).
0
Let f(r) be the third derivative of 1/120*r**6 + 7/60*r**5 + 0 + 1/12*r**4 - 4*r**2 + 4/3*r**3 + 0*r. Let v be (1 - 8)/(2 + -1). What is f(v)?
-6
Let o(h) = h. Let f(b) = -3*b - 1. Let q(p) = -2*f(p) - 5*o(p). Let j(m) = 2*m**2 - 2*m - 41. Let z be j(-9). Let s = z + -140. Determine q(s).
1
Let g(p) = -2*p**2 + 25*p - 9. Let t(d) = -8*d**2 + 104*d - 36. Let s(k) = -25*g(k) + 6*t(k). What is s(5)?
54
Let r(k) = 8*k + 9*k - 33*k - 12 + 100 + 5*k. Give r(8).
0
Let a(s) = -s**2 + 5*s - 4. Let m = -14 - 6. Let x = -88 - m. Let g = 71 + x. What is a(g)?
2
Let a(r) = -13 + 1020*r**3 - 1021*r**3 - 11*r**2 - 8 - 13*r. Let m be a(-10). Let n(t) = -t**2 + 8*t - 7. What is n(m)?
-16
Suppose 18*p - 3*c = 13*p + 12, -5*c + 20 = 5*p. Let u(r) = -r**p + 2 - 5*r**2 + r**2 - 12 + 15*r**2 + r. Let b be 32/3 + (-1)/(-3). Calculate u(b).
1
Let u(c) be the first derivative of -c**4/2 - 4*c**3/3 + c**2/2 + 4*c + 373. Give u(-4).
64
Let b(w) = -4*w + 11. Let o = 2077 - 2073. Determine b(o).
-5
Let b(o) = 30*o - 446. Let n = -8997 - -9012. What is b(n)?
4
Let f(u) be the second derivative of -u**6/360 - u**5/120 - u**4/6 - 47*u**3/6 - 51*u. Let q(g) be the second derivative of f(g). What is q(0)?
-4
Let f be (469/(-603))/((-2)/18) - 0. Let a(w) = 12*w - 94. What is a(f)?
-10
Let w(q) = -q**3 - 5*q**2 - 3*q + 13. Suppose -25*z - 42*z - 53 - 215 = 0. What is w(z)?
9
Let m(w) = -w**3 - 4*w**2 + 2*w - 11. Let d = -76 + -51. Let u = 122 + d. Give m(u).
4
Let s(k) = 5 + 42*k**2 - k**3 - 85*k + 15 + 72*k**2 - 159*k**2 + 70*k**2. Give s(21).
-1
Let p(z) = z**3 - 7*z**2 - 8*z. Let o(q) = -10*q**2 - 3*q. Let d be o(-2). Let y = d - 10. Let k = 52 + y. What is p(k)?
0
Suppose 118 - 19 = j. Let u(o) = 93*o - j*o - 4 - 1 + 3. Suppose 7*m - 3*m + 10 = -3*y, -2*m + 2*y = 12. Give u(m).
22
Let i = -27494 + 27503. Let f(j) = 8*j - 58. Give f(i).
14
Let r be -2 + 13/((-26)/(-20)). Suppose r*g - 30 - 26 = 0. Let f(a) = 2*a - 4. Give f(g).
10
Suppose 2*g - t - 312 = -2*g, -292 = -4*g - 4*t. Let m be g/(-14)*604/(-2). Let q(a) = a**3 - 1664*a**2 - 2*a + 4 - 4*a + m*a**2. Calculate q(4).
-4
Suppose 0 = -40*s + 37*s + 21. Let v(h) = 4*h + 16. Let p(x) = -2*x - 9. Let n(r) = -7*p(r) - 4*v(r). What is n(s)?
-15
Let j(m) = -2*m**2 + 2*m + 2. Let f(p) = -2*p**3 - 2*p**2 - 8*p. Let r(v) = -f(v) - 4*j(v). Calculate r(-5).
-8
Let b(h) = -3*h + 3. Let a = -219 + 211. Let n be (-2)/a - (-33)/12. Give b(n).
-6
Let u = -1850 - -1855. Let r(g) = -g**2 + 11*g - 19. What is r(u)?
11
Let c(i) = 87*i + 47. Let r(s) = 40*s + 21. Let m(w) = -4*c(w) + 9*r(w). Calculate m(-5).
-59
Let k(y) be the second derivative of -y**4/12 + 53*y**3/6 - 178*y**2 + 18*y - 53. Give k(8).
4
Let s = -16071 + 16098. Let k(d) = d**2 - 24*d - 73. Determine k(s).
8
Let g(m) = -2*m + 30. Let p be 8/2 - 20/30*12/(-4). Determine g(p).
18
Let v(h) = -21*h**3 - 399*h**2 + h + 20. Let r be v(-19). Let u(m) = -10*m**2 - 10*m + 8. Determine u(r).
-12
Let g(t) be the second derivative of 0*t**3 + 23*t + 1 + 0*t**2 - 1/6*t**4. Determine g(-1).
-2
Let p(h) = 4*h + 5. Suppose -5*o = -15, 4*o + 8 - 22 = -g. Let y(x) = -4*x - 7. Let s(q) = g*y(q) + 3*p(q). Determine s(-2).
-7
Let i(x) = 2*x + 41. Let n = -13562 - -13579. Determine i(n).
75
Let q(v) = -2*v**2 + 10*v - 21. Let k be (-42)/35 - (-328)/40. What is q(k)?
-49
Let d(j) = -66*j**3 - 5*j**2 + 5*j + 8. Let o(l) = 13*l**3 + 1. Let m(s) = -d(s) - 5*o(s). What is m(-6)?
-19
Suppose 0 = 3*i - 12. Suppose -2*a = 3*f - 29, -f + 0*f + 23 = i*a. Let k(v) = -v**2 + 3*v + 3. Give k(f).
-25
Let u = -3835 - -3835. Let b(h) = -h**3 + h**2 - h + 28. Determine b(u).
28
Suppose 0 = 2*k - 71 + 67. Suppose -5 = -6*u + 13. Let y(b) = 0*b - b**u - 1 - 3*b**k + 8*b - 1 - 3*b. What is y(-4)?
-6
Let g(o) = 9*o - 4*o**2 + 16*o**3 + 96 - 1 - 2 - 4*o**2. Let d(p) = 3*p**3 - 2*p**2 + 2*p + 18. Let f(s) = -11*d(s) + 2*g(s). Determine f(5).
-7
Let o be (77/(-110))/(-4*(-16)/640). Let b(v) = 2*v**3 - 6*v + 0*v**3 + 6*v**2 - v**3 + 9. Determine b(o).
2
Let q(g) = 4*g. Let k be -4*1/(-1) + (1 - 0). Suppose 0 = s - k*a - 16, -4*a + 10 = 5*s + 17. Give q(s).
4
Let y(h) = -h**2 + 5*h + 5. Let n be y(7). Suppose -139*g - 12 = -145*g. Let t(w) = -w**2 + g*w - w**3 + 13 - 5*w**3 + 7*w**3 + 10*w**2. What is t(n)?
-5
Suppose 0*b + 93 = 40*b + 173. Let n(a) = 11*a**3 - a**2 + 2*a + 3. Determine n(b).
-93
Let h(j) = -3*j**2 + 34*j - 5. Let r be h(11). Let l(k) = -k**2 - 5*k + r*k - 3*k - 3*k. Suppose -4*d + 4*w = -3*d + 1, -w = 5*d + 26. Determine l(d).
0
Let a(v) = -v**2 - 19*v + 7. Let d be a(-19). Let i(p) be the third derivative of -1/60*p**5 + 0*p + 1/3*p**3 + 1/3*p**4 + 0 - 2*p**2. Give i(d).
9
Let o(v) be the first derivative of -v**2 - 5*v - 16. Let x be (-5)/(-3) - 11/(-33). Let j be ((-64)/40)/(x/5). Calculate o(j).
3
Suppose 0*z + 42 = 6*z. Suppose -z*i = 483 + 91. Let w = i - -85. Let j(x) = 7*x + 4. Calculate j(w).
25
Let b(w) = -w + 65. Let r be b(0). Let t = r + -63. Let k(l) = -2 + 4993*l**2 + 7*l - 2*l - 4992*l**t. Give k(-3).
-8
Let q(x) = x**3 - 10*x**2 + 9*x + 4. Let i be (-10*3/6)/((-2)/48). Suppose 93 - i = -3*s. What is q(s)?
4
Let d(a) be the third derivative of -a**6/120 - 4*a**5/15 - 5*a**4/4 - 9*a**3/2 + 3686*a**2. Determine d(-14).
1
Let f(x) = x - 21. Let d = -315 + 320. Suppose -2*l = -d*p - 61 + 10, 0 = p + 5. What is f(l)?
-8
Let k(s) = -s**3 + 5*s + 0*s - 7*s**2 + 7*s - 2. Let x be (-2808)/2106 + ((-116)/12 - -2). Determine k(x).
52
Let p(b) = 5*b - 2. Let d be 1 + -5 + (3 - (4 + -17)). Suppose 469*j + d = 463*j. Calculate p(j).
-12
Let o(t) be the second derivative of t**4/3 - t**3 - t**2 + 492*t + 2. Determine o(1).
-4
Let m(g) be the third derivative of g**5/60 - 25*g**4/24 + 20*g**3 + 41*g**2. Let k be m(7). Let r(w) = -w**3 - 5*w**2 + 2*w - 4. Calculate r(k).
20
Let r(u) be the third derivative of -u**5/60 + 3*u**4/8 + 14*u**3/3 + 2757*u**2. Give r(-3).
-8
Let d(t) be the first derivative of -t**5/120 - t**4/12 + t**3 + 3. Let w(u) be the third derivative of d(u). Suppose -49*r = -12*r - 185. Calculate w(r).
-7
Let b(n) = -24*n + 5*n**2 - 16*n + 47*n - 6*n**2 - 3 - 17*n. Let x be (-3286)/371 - (-1)/(-7). What is b(x)?
6
Let r(o) be the third derivative of 0 + 2/3*o**3 + 0*o + 1/8*o**4 - 25*o**2. Suppose -5*v - 5 = 2*j, 0 = -4*v + v - j - 4. Give r(v).
-5
Let b(y) = 5*y**2 + 4*y - 3. Let j(f) = -f**3 + 7*f**2 - f + 8. Suppose 2*h = 4*n - 30 + 4, 29 = 4*n + h. Let q be j(n). Calculate b(q).
6
Let v(l) = 8*l**2 + 8 + 4*l**2 + 7*l + 4*l**2 - 17*l**2. Determine v(6).
14
Let j(n) = -3*n**2 + n - 1. Let a(b) = b**3 - 2*b**2 - 4*b + 4. Let f(l) = a(l) + 4*j(l). Give f(14).
0
Let k(b) = -29*b - 153. Suppose -2*a - 7*t + 8*t = 4, -6 = t. Determine k(a).
-8
Let h be 2761/6 - 2 - 63/378. Let x(a) = -3*a - 459 + a + h - 3*a + 3*a. What is x(-3)?
5
Let g(q) = q**3 - 11*q**2 + 18*q - 88. Suppose -76*s = 121*s - 1970. What is g(s)?
-8
Let o(t) be the second derivative of -5*t**4/12 - 46*t**3/3 + 65*t**2/2 + 26*t - 52. Determine o(-19).
8
Let g(d) = 3201 + 8*d + d - 3193. Give g(-3).
-19
Suppose 0 = -18*v + 10*v + 24. Let b(s) = -5*s**2 - 1 - 22*s**3 - 4*s + 23*s**v + 10*s**2. Calculate b(-5).
19
Let b(c) be the first derivative of -11/2*c**2 + 9*c + 1/3*c**3 + 11. Give b(8).
-15
Let j(g) = g**2 - 26*g - 8. Let p(a) = 5*a. Let m(h) = j(h) + 5*p(h). Give m(-4).
12
Let w(l) = -l**2 - 10*l - 2. Suppose -6*o + 588 = -0*o. Let p be 5 - (-11)/((-77)/o). Determine w(p).
7
Let q(f) be the first derivative of -f**2 - 8*f - 30. Let x = -18 - -22. Suppose 0*v + v + 27 = x*n, -3*n + 4*v = -30. What is q(n)?
-20
Suppose 3*t + 154 = 127. Let v(x) = 2*x**2 + 13*x + 18. What is v(t)?
63
Let g(k) = 8*k + 58. Suppose a - x = -15, -207*a + 204*a + 4*x = 51. What is g(a)?
-14
Suppose -q = 5*w + 9, 4*w + 5*q + 25 = 1. Let n(g) = 45 - 968*g**3 + 964*g**3 - 2*g**2 - 44. Calculate n(w).
3
Let a(q) = -q**3 + 36*q**2 + q - 27. Suppose -v - 3*d + 36 = 0, -5*d = 4*v - 150 + 6. Calculate a(v).
9
Let t(r) = -r**3 + 13*r**2 + r. Let j(x) = -266*x - 1317. Let o be j(-5). Determine t(o).
13
Let i(p) = -p - 1. Suppose 0*u - u = -19. Suppose -5*k + 1 = -u. Suppose s + k*s = 30. Give i(s).
-7
Suppose 6*m - 8*m = -4*c + 52, 5*c + 3*m - 65 = 0. Let n(l) = -14*l**2 + 8*l